{"id":560,"date":"2020-10-10T23:56:30","date_gmt":"2020-10-11T02:56:30","guid":{"rendered":"http:\/\/www.bombinhasaluguel.com.br\/site\/?page_id=560"},"modified":"2026-01-18T17:05:17","modified_gmt":"2026-01-18T20:05:17","slug":"apartamento-grande","status":"publish","type":"page","link":"http:\/\/www.bombinhasaluguel.com.br\/site\/?page_id=560","title":{"rendered":"Apartamento Grande"},"content":{"rendered":"<table style=\"width: 524px;\" cellspacing=\"0\" cellpadding=\"0\">\n<tbody>\n<tr>\n<td><strong>Endere\u00e7o:<\/strong> Pescada Branca , 130 (rua da Igreja)<\/td>\n<\/tr>\n<tr>\n<td>Detalhes das depend\u00eancias:<br \/>\n\n\t\t<div class='et-custom-list etlist-check'>\n\t\t\t<ul>\n<li>At\u00e9 8 pessoas<\/li>\n<li>Churrasqueira individual<\/li>\n<li>180 metros da praia<\/li>\n<li>2 quartos de casal (com beliche)<\/li>\n<li>Quartos com ar-condicionado<\/li>\n<li>Internet wireless para notebook<\/li>\n<li>Forno microondas<\/li>\n<li>Camas BOX com colch\u00f5es de mola<\/li>\n<li>N\u00e3o aceitamos c\u00e3es e gatos, existem hospedagens na regi\u00e3o.<\/li>\n<\/ul>\n\t\t<\/div> <!-- .et-custom-list --><!--more--><\/p>\n<p><a title=\"Mensagem para Dona Belinha\" href=\"http:\/\/www.bombinhasaluguel.com.br\/site\/contato\/\">Contato com Dona Belinha<\/a><\/p>\n<table cellspacing=\"0\" cellpadding=\"0\">\n<tbody>\n<tr>\n<td><strong>Telefone:<\/strong><br \/>\n<strong> &nbsp;&nbsp;&nbsp;(47) 3369-2174<\/strong><\/td>\n<td>&nbsp;<\/td>\n<td>ou<\/td>\n<td>&nbsp;<\/td>\n<td><strong> &nbsp;&nbsp;&nbsp;Celular:<br \/>\n(47) 99905-3835 <\/strong><\/td>\n<\/tr>\n<\/tbody>\n<\/table>\n<\/td>\n<\/tr>\n<\/tbody>\n<\/table>\nngg_shortcode_0_placeholder\n<hr>\n<p><a title=\"Mensagem WhatsApp para Dona Belinha\" href=\"https:\/\/api.whatsapp.com\/send\/?phone=5547999053835&amp;text=Ola%2C+gratos+pela+visita.+Por+favor+informe+sua+necessidade.&amp;type=phone_number&amp;app_absent=0\">Mensagem WhatsApp para Dona Belinha<\/a><\/p>\n<hr>\n","protected":false},"excerpt":{"rendered":"<p>Endere\u00e7o: Pescada Branca , 130 (rua da Igreja) Detalhes das depend\u00eancias:<\/p>\n","protected":false},"author":1,"featured_media":558,"parent":116,"menu_order":0,"comment_status":"closed","ping_status":"closed","template":"","meta":{"_mi_skip_tracking":false,"_exactmetrics_sitenote_active":false,"_exactmetrics_sitenote_note":"","_exactmetrics_sitenote_category":0,"ngg_post_thumbnail":0,"_joinchat":[],"footnotes":""},"class_list":["post-560","page","type-page","status-publish","has-post-thumbnail","hentry"],"_links":{"self":[{"href":"http:\/\/www.bombinhasaluguel.com.br\/site\/index.php?rest_route=\/wp\/v2\/pages\/560","targetHints":{"allow":["GET"]}}],"collection":[{"href":"http:\/\/www.bombinhasaluguel.com.br\/site\/index.php?rest_route=\/wp\/v2\/pages"}],"about":[{"href":"http:\/\/www.bombinhasaluguel.com.br\/site\/index.php?rest_route=\/wp\/v2\/types\/page"}],"author":[{"embeddable":true,"href":"http:\/\/www.bombinhasaluguel.com.br\/site\/index.php?rest_route=\/wp\/v2\/users\/1"}],"replies":[{"embeddable":true,"href":"http:\/\/www.bombinhasaluguel.com.br\/site\/index.php?rest_route=%2Fwp%2Fv2%2Fcomments&post=560"}],"version-history":[{"count":9,"href":"http:\/\/www.bombinhasaluguel.com.br\/site\/index.php?rest_route=\/wp\/v2\/pages\/560\/revisions"}],"predecessor-version":[{"id":696,"href":"http:\/\/www.bombinhasaluguel.com.br\/site\/index.php?rest_route=\/wp\/v2\/pages\/560\/revisions\/696"}],"up":[{"embeddable":true,"href":"http:\/\/www.bombinhasaluguel.com.br\/site\/index.php?rest_route=\/wp\/v2\/pages\/116"}],"wp:featuredmedia":[{"embeddable":true,"href":"http:\/\/www.bombinhasaluguel.com.br\/site\/index.php?rest_route=\/wp\/v2\/media\/558"}],"wp:attachment":[{"href":"http:\/\/www.bombinhasaluguel.com.br\/site\/index.php?rest_route=%2Fwp%2Fv2%2Fmedia&parent=560"}],"curies":[{"name":"wp","href":"https:\/\/api.w.org\/{rel}","templated":true}]}}