{"id":426,"date":"2018-10-30T16:14:27","date_gmt":"2018-10-30T19:14:27","guid":{"rendered":"http:\/\/www.bombinhasaluguel.com.br\/site\/?page_id=426"},"modified":"2018-10-30T16:19:23","modified_gmt":"2018-10-30T19:19:23","slug":"praias","status":"publish","type":"page","link":"http:\/\/www.bombinhasaluguel.com.br\/site\/?page_id=426","title":{"rendered":"Praias"},"content":{"rendered":"<p>Bombinhas \u00e9 um destino para todos. Com praias que atraem fam\u00edlias, grupos de amigos, estudantes, esportistas e muitos outros estilos, d\u00e1 para aproveitar cada cantinho daqui do seu jeito.<\/p>\n<p style=\"text-align: justify;\">As belezas naturais da regi\u00e3o de Bombinhas se dividem entre praias selvagens at\u00e9 aquelas mais badaladas e procuradas por turistas.<\/p>\n<div align=\"center\">\nngg_shortcode_0_placeholder\n<\/div>\n<p style=\"text-align: justify;\"><strong><a title=\"Topo\" href=\"http:\/\/www.bombinhasaluguel.com.br\/ondeir.html#menu\"><img loading=\"lazy\" decoding=\"async\" src=\"http:\/\/www.bombinhasaluguel.com.br\/images\/logo28.gif\" alt=\"Topo\" width=\"28\" height=\"28\"><\/a>Ilha do Arvoredo:<\/strong> Junto com as ilhas Gal\u00e9s, Deserta e Calhau de S\u00e3o Pedro, forma uma das tr\u00eas reservas biol\u00f3gicas marinhas do Brasil. Possui 80%de sua \u00e1rea total de 27 mil m\u00b2coberta de Mata Atl\u00e2ntica e seu interior abriga a fauna t\u00edpica desse ecossistema, composta basicamente de pequenos mam\u00edferos, como gamb\u00e1s e morcegos, aves e r\u00e9pteis.<\/p>\n<p style=\"text-align: justify;\"><strong><a title=\"Topo\" href=\"http:\/\/www.bombinhasaluguel.com.br\/ondeir.html#menu\"><img loading=\"lazy\" decoding=\"async\" src=\"http:\/\/www.bombinhasaluguel.com.br\/images\/logo28.gif\" alt=\"Topo\" width=\"28\" height=\"28\"><\/a>Ilha do Macuco:<\/strong> A Ilha faz parte do Parque Municipal do Morro do Macaco e o acesso \u00e9 feito por barco. Possui uma trilha ecol\u00f3gica e o passeio \u00e9 conduzido por pescadores que conhecem toda regi\u00e3o, dando \u00eanfase para a educa\u00e7\u00e3o e interpreta\u00e7\u00e3o ambiental.<\/p>\n<p style=\"text-align: justify;\"><strong><a title=\"Topo\" href=\"http:\/\/www.bombinhasaluguel.com.br\/ondeir.html#menu\"><img loading=\"lazy\" decoding=\"async\" src=\"http:\/\/www.bombinhasaluguel.com.br\/images\/logo28.gif\" alt=\"Topo\" width=\"28\" height=\"28\"><\/a>Mirante Eco 360\u00ba:<\/strong> Tamb\u00e9m parte do Parque Municipal do Morro do Macaco. A trilha leva ao segundo ponto mais alto da Cidade, com quase 250 metros de altitude, donde se tem uma vista panor\u00e2mica de todo Munic\u00edpio, podendo-se avistar em dias de c\u00e9u claro as cidades de Florian\u00f3polis, Bigua\u00e7u, Governador Celso Ramos e Tijucas. Na base do Mirante, h\u00e1 o Museu Eco 360\u00ba com exemplares de v\u00e1rias esp\u00e9cies da fauna local empalhadas para a observa\u00e7\u00e3o e informativos culturais.<\/p>\n<p style=\"text-align: justify;\"><strong><a title=\"Topo\" href=\"http:\/\/www.bombinhasaluguel.com.br\/ondeir.html#menu\"><img loading=\"lazy\" decoding=\"async\" src=\"http:\/\/www.bombinhasaluguel.com.br\/images\/logo28.gif\" alt=\"Topo\" width=\"28\" height=\"28\"><\/a>Praias:<\/strong> Bombinhas possui mais de 30 praias, que agradam a todos os gostos. AS mais visitadas s\u00e3o Bombas e Bombinhas, mas h\u00e1 tamb\u00e9m as praias desertas da Costeira de Zimbros, as que s\u00e3o acess\u00edveis somente por trilha ou barco como Ca\u00e7\u00e3o ou Caet\u00e9, as prop\u00edcias para o surf, como Quatro Ilhas e Mariscal, al\u00e9m de muitas outras de extrema beleza. Monte seu roteiro de visita as praias!<\/p>\n<p style=\"text-align: justify;\"><strong><a title=\"Topo\" href=\"http:\/\/www.bombinhasaluguel.com.br\/ondeir.html#menu\"><img loading=\"lazy\" decoding=\"async\" src=\"http:\/\/www.bombinhasaluguel.com.br\/images\/logo28.gif\" alt=\"Topo\" width=\"28\" height=\"28\"><\/a>Trilhas:<\/strong> S\u00e3o trilhas panor\u00e2micas, ecol\u00f3gicas, dentro da Mata Atl\u00e2ntica, de categoria leve \u00e0 mais pesada, possibilitando a participa\u00e7\u00e3o de todas as pessoas.<\/p>\n<h3 style=\"text-align: justify;\">Esportes na Natureza<\/h3>\n<p style=\"text-align: justify;\"><a title=\"Topo\" href=\"http:\/\/www.bombinhasaluguel.com.br\/ondeir.html#menu\"><img loading=\"lazy\" decoding=\"async\" src=\"http:\/\/www.bombinhasaluguel.com.br\/images\/logo28.gif\" alt=\"Topo\" width=\"28\" height=\"28\"><\/a><strong>Cavalgada:<\/strong> Com v\u00e1rios roteiros, voc\u00ea poder\u00e1 passar por trilhas, praias e relaxar nos passeios. H\u00e1 tamb\u00e9m cavalgadas noturnas, com lua cheia.<\/p>\n<p style=\"text-align: justify;\"><a title=\"Topo\" href=\"http:\/\/www.bombinhasaluguel.com.br\/ondeir.html#menu\"><img loading=\"lazy\" decoding=\"async\" src=\"http:\/\/www.bombinhasaluguel.com.br\/images\/logo28.gif\" alt=\"Topo\" width=\"28\" height=\"28\"><\/a><strong>Treking\/ Caminhada:<\/strong> H\u00e1 v\u00e1rias op\u00e7\u00f5es e para todos os n\u00edveis: Temos a Trilha da Costeira de Zimbros, que faz parte da \u00c1rea de Relevante Interesse Ecol\u00f3gica da Costeira de Zimbros, com aproximadamente 5 horas de dura\u00e7\u00e3o. Nesta trilha passamos por praias desertas, lagoas, cachoeiras e muito mais, tem-se a op\u00e7\u00e3o de voltar de barco, com pescadores da regi\u00e3o. Outra \u00f3tima op\u00e7\u00e3o \u00e9 a Trilha da Tainha, na Comunidade de Canto Grande, trilha leve que nos leva at\u00e9 a Praia da Tainha. H\u00e1 tamb\u00e9m a op\u00e7\u00e3o de fazer o retorno com os pescadores, de barco. J\u00e1 na Praia de Bombas, temos a Trilha da Galheta, rica em Mata Atl\u00e2ntica e em belas paisagens, de onde se avista toda Praia de Bombas. A mais visitada de todas \u00e9 a Trilha do Morro do Macaco, em Canto Grande, A trilha panor\u00e2mica vai at\u00e9 o topo do Morro, com aproximadamente 220 metros de altitude, donde se tem uma vista panor\u00e2mica de toda Cidade.<\/p>\n<p style=\"text-align: justify;\"><a title=\"Topo\" href=\"http:\/\/www.bombinhasaluguel.com.br\/ondeir.html#menu\"><img loading=\"lazy\" decoding=\"async\" src=\"http:\/\/www.bombinhasaluguel.com.br\/images\/logo28.gif\" alt=\"Topo\" width=\"28\" height=\"28\"><\/a><strong>Escalada em Rocha e Rappel:<\/strong> Em uma parede natural de aproximadamente 40 metros de altura, localizada no Parque Municipal do Morro do Macaco. \u00c9 oferecido aos participantes treinamento com monitores especializados e equipamentos normatizados, para que todos possam aproveitar da maravilhosa vista da Ba\u00eda de Zimbros.<\/p>\n<p style=\"text-align: justify;\"><a title=\"Topo\" href=\"http:\/\/www.bombinhasaluguel.com.br\/ondeir.html#menu\"><img loading=\"lazy\" decoding=\"async\" src=\"http:\/\/www.bombinhasaluguel.com.br\/images\/logo28.gif\" alt=\"Topo\" width=\"28\" height=\"28\"><\/a><strong>Mirante Eco 360\u00ba:<\/strong> Tamb\u00e9m parte do Parque Municipal do Morro do Macaco. A trilha leva ao segundo ponto mais alto da Cidade, com quase 250 metros de altitude, donde se tem uma vista panor\u00e2mica de todo Munic\u00edpio, podendo-se avistar em dias de c\u00e9u claro as cidades de Florian\u00f3polis, Bigua\u00e7u, Governador Celso Ramos e Tijucas. Na base do Mirante, h\u00e1 o Museu Eco 360\u00ba com exemplares de v\u00e1rias esp\u00e9cies da fauna local empalhadas para a observa\u00e7\u00e3o e informativos culturais.<\/p>\n<p style=\"text-align: justify;\"><a title=\"Topo\" href=\"http:\/\/www.bombinhasaluguel.com.br\/ondeir.html#menu\"><img loading=\"lazy\" decoding=\"async\" src=\"http:\/\/www.bombinhasaluguel.com.br\/images\/logo28.gif\" alt=\"Topo\" width=\"28\" height=\"28\"><\/a><strong>Tirolesa:<\/strong> Travessia onde o participante se lan\u00e7a de um ponto alto e desliza por polias a um ponto mais baixo,sendo recepcionado por um monitor, que garante toda seguran\u00e7a.<\/p>\n<p style=\"text-align: justify;\"><a title=\"Topo\" href=\"http:\/\/www.bombinhasaluguel.com.br\/ondeir.html#menu\"><img loading=\"lazy\" decoding=\"async\" src=\"http:\/\/www.bombinhasaluguel.com.br\/images\/logo28.gif\" alt=\"Topo\" width=\"28\" height=\"28\"><\/a><strong>Parapente:<\/strong> O parapente \u00e9 o para quedas que se lan\u00e7a de cima da montanha. O salto \u00e9 duplo, instrutor e aluno. O melhor local da regi\u00e3o \u00e9 o Morro do Macaco, donde se tem uma vista de toda regi\u00e3o.<\/p>\n<p style=\"text-align: justify;\"><a title=\"Topo\" href=\"http:\/\/www.bombinhasaluguel.com.br\/ondeir.html#menu\"><img loading=\"lazy\" decoding=\"async\" src=\"http:\/\/www.bombinhasaluguel.com.br\/images\/logo28.gif\" alt=\"Topo\" width=\"28\" height=\"28\"><\/a><strong>Caiaque:<\/strong> Passeio de caiaque com todos equipamentos de seguran\u00e7a, acompanhados por instrutor. Durante o percurso tem-se a oportunidade de fazer um mergulho nas \u00e1guas l\u00edmpidas da regi\u00e3o.<\/p>\n","protected":false},"excerpt":{"rendered":"<p>Bombinhas \u00e9 um destino para todos. Com praias que atraem fam\u00edlias, grupos de amigos, estudantes, esportistas e muitos outros estilos, d\u00e1 para aproveitar cada cantinho daqui do seu jeito. As belezas naturais da regi\u00e3o de Bombinhas se dividem entre praias selvagens at\u00e9 aquelas mais badaladas e procuradas por turistas. Ilha do Arvoredo: Junto com as &hellip; <\/p>\n<p class=\"link-more\"><a href=\"http:\/\/www.bombinhasaluguel.com.br\/site\/?page_id=426\" class=\"more-link\">Continue lendo<span class=\"screen-reader-text\"> &#8220;Praias&#8221;<\/span><\/a><\/p>\n","protected":false},"author":1,"featured_media":0,"parent":0,"menu_order":0,"comment_status":"closed","ping_status":"closed","template":"","meta":{"_mi_skip_tracking":false,"_exactmetrics_sitenote_active":false,"_exactmetrics_sitenote_note":"","_exactmetrics_sitenote_category":0,"ngg_post_thumbnail":0,"_joinchat":[],"footnotes":""},"class_list":["post-426","page","type-page","status-publish","hentry"],"_links":{"self":[{"href":"http:\/\/www.bombinhasaluguel.com.br\/site\/index.php?rest_route=\/wp\/v2\/pages\/426","targetHints":{"allow":["GET"]}}],"collection":[{"href":"http:\/\/www.bombinhasaluguel.com.br\/site\/index.php?rest_route=\/wp\/v2\/pages"}],"about":[{"href":"http:\/\/www.bombinhasaluguel.com.br\/site\/index.php?rest_route=\/wp\/v2\/types\/page"}],"author":[{"embeddable":true,"href":"http:\/\/www.bombinhasaluguel.com.br\/site\/index.php?rest_route=\/wp\/v2\/users\/1"}],"replies":[{"embeddable":true,"href":"http:\/\/www.bombinhasaluguel.com.br\/site\/index.php?rest_route=%2Fwp%2Fv2%2Fcomments&post=426"}],"version-history":[{"count":3,"href":"http:\/\/www.bombinhasaluguel.com.br\/site\/index.php?rest_route=\/wp\/v2\/pages\/426\/revisions"}],"predecessor-version":[{"id":429,"href":"http:\/\/www.bombinhasaluguel.com.br\/site\/index.php?rest_route=\/wp\/v2\/pages\/426\/revisions\/429"}],"wp:attachment":[{"href":"http:\/\/www.bombinhasaluguel.com.br\/site\/index.php?rest_route=%2Fwp%2Fv2%2Fmedia&parent=426"}],"curies":[{"name":"wp","href":"https:\/\/api.w.org\/{rel}","templated":true}]}}